{"id":3804,"date":"2022-11-02T20:13:42","date_gmt":"2022-11-02T19:13:42","guid":{"rendered":"http:\/\/kgs-niederrad.de\/?page_id=3804"},"modified":"2025-11-05T16:37:31","modified_gmt":"2025-11-05T15:37:31","slug":"uebergang-4-5","status":"publish","type":"page","link":"https:\/\/kgs-niederrad.de\/index.php\/uebergang-4-5\/","title":{"rendered":"\u00dcbergang 4\/5"},"content":{"rendered":"\n<p><strong>\u00dcbergang auf unsere Schule<\/strong><\/p>\n\n\n\n<p>Liebe Eltern, Sie k\u00f6nnen Ihre Fragen jederzeit \u00fcber die <strong>E-Mailadresse <\/strong><\/p>\n\n\n\n<p class=\"has-text-align-center\"><strong>uebergang4-5@kgs-niederrad.de<\/strong> <\/p>\n\n\n\n<p>an uns richten und Hospitationstermine anfragen.<\/p>\n\n\n\n<p>Dar\u00fcber hinaus sind <strong>folgende Termine<\/strong> vorgesehen:<\/p>\n\n\n\n<ul><li><strong>Erster Elterninfoabend \u00dcbergang 4\/5 Konzeptvorstellung: <\/strong><br>19.11.25 um 18Uhr in der Mensa, Mainfeldstra\u00dfe 45<\/li><li><strong>Tag der offenen T\u00fcr<\/strong>: <br>Samstag, 22.11.25 von 10 bis 13 Uhr (Weitere Infos werden auf der Startseite ver\u00f6ffentlicht)<\/li><li><strong>Kennenlerntage<\/strong>: 2.12.25, 8.12.25, 11.02.26 und 19.02.26 (Schnuppern f\u00fcr Sch\u00fclerinnen und Sch\u00fcler der 4.Klassen), Anmeldung f\u00fcr einen Zeitslot 13:45 oder um 14:30 telefonisch \u00fcber das Sekret\u00e4riat. <\/li><li><strong><mark style=\"background-color:rgba(0, 0, 0, 0)\" class=\"has-inline-color has-black-color\">Zweiter Elterninfoabend \u00dcbergang 4\/<\/mark><\/strong><mark style=\"background-color:rgba(0, 0, 0, 0)\" class=\"has-inline-color has-black-color\"><strong>5 Konzeptvorstellung<\/strong>: <\/mark><br><mark style=\"background-color:rgba(0, 0, 0, 0)\" class=\"has-inline-color has-black-color\">14.01.26 um 18.00 Uhr in der Mensa<\/mark>, Mainfeldstra\u00dfe 45<\/li><li><strong><mark style=\"background-color:rgba(0, 0, 0, 0)\" class=\"has-inline-color has-black-color\">Telefontermine \u00dcbergang 4\/5<\/mark><\/strong><mark style=\"background-color:rgba(0, 0, 0, 0)\" class=\"has-inline-color has-black-color\">: <\/mark><br>A<mark style=\"background-color:rgba(0, 0, 0, 0)\" class=\"has-inline-color has-black-color\">b 02.02.2<\/mark>6 (bitte im Sekretariat anmelden unter poststelle.kgs-niederrad@stadt-frankfurt.de)<\/li><li><strong>Sommerfest der KGS<\/strong>: <br>Freitag, 29.05.26 in der Mainfeldstra\u00dfe 45 (Weitere Infos werden auf der Startseite ver\u00f6ffentlicht)<\/li><li><mark style=\"background-color:rgba(0, 0, 0, 0)\" class=\"has-inline-color has-black-color\"><strong>Elternabend neue 5. -Kl\u00e4ssler\/-innen (Schuljahr 2025\/2026): <\/strong><\/mark><br><mark style=\"background-color:rgba(0, 0, 0, 0)\" class=\"has-inline-color has-black-color\">18.06.25 um 18 Uhr in der Mensa<\/mark> der Mainfeldstra\u00dfe 45<\/li><\/ul>\n\n\n\n<p><\/p>\n\n\n\n<figure class=\"wp-block-image size-full\"><img loading=\"lazy\" width=\"960\" height=\"540\" src=\"http:\/\/kgs-niederrad.de\/wp-content\/uploads\/2022\/11\/Schaubilder-in-den-Druck_1-1.png\" alt=\"\" class=\"wp-image-3866\" srcset=\"https:\/\/kgs-niederrad.de\/wp-content\/uploads\/2022\/11\/Schaubilder-in-den-Druck_1-1.png 960w, https:\/\/kgs-niederrad.de\/wp-content\/uploads\/2022\/11\/Schaubilder-in-den-Druck_1-1-300x169.png 300w, https:\/\/kgs-niederrad.de\/wp-content\/uploads\/2022\/11\/Schaubilder-in-den-Druck_1-1-768x432.png 768w, https:\/\/kgs-niederrad.de\/wp-content\/uploads\/2022\/11\/Schaubilder-in-den-Druck_1-1-400x225.png 400w\" sizes=\"(max-width: 960px) 100vw, 960px\" \/><\/figure>\n\n\n\n<figure class=\"wp-block-image size-full\"><img loading=\"lazy\" width=\"960\" height=\"540\" src=\"http:\/\/kgs-niederrad.de\/wp-content\/uploads\/2022\/11\/Schaubilder-in-den-Druck_2-1.png\" alt=\"\" class=\"wp-image-3867\" srcset=\"https:\/\/kgs-niederrad.de\/wp-content\/uploads\/2022\/11\/Schaubilder-in-den-Druck_2-1.png 960w, https:\/\/kgs-niederrad.de\/wp-content\/uploads\/2022\/11\/Schaubilder-in-den-Druck_2-1-300x169.png 300w, https:\/\/kgs-niederrad.de\/wp-content\/uploads\/2022\/11\/Schaubilder-in-den-Druck_2-1-768x432.png 768w, https:\/\/kgs-niederrad.de\/wp-content\/uploads\/2022\/11\/Schaubilder-in-den-Druck_2-1-400x225.png 400w\" sizes=\"(max-width: 960px) 100vw, 960px\" \/><\/figure>\n\n\n\n<figure class=\"wp-block-image size-full\"><img loading=\"lazy\" width=\"960\" height=\"540\" src=\"http:\/\/kgs-niederrad.de\/wp-content\/uploads\/2022\/11\/Schaubilder-in-den-Druck_3-1.png\" alt=\"\" class=\"wp-image-3868\" srcset=\"https:\/\/kgs-niederrad.de\/wp-content\/uploads\/2022\/11\/Schaubilder-in-den-Druck_3-1.png 960w, https:\/\/kgs-niederrad.de\/wp-content\/uploads\/2022\/11\/Schaubilder-in-den-Druck_3-1-300x169.png 300w, https:\/\/kgs-niederrad.de\/wp-content\/uploads\/2022\/11\/Schaubilder-in-den-Druck_3-1-768x432.png 768w, https:\/\/kgs-niederrad.de\/wp-content\/uploads\/2022\/11\/Schaubilder-in-den-Druck_3-1-400x225.png 400w\" sizes=\"(max-width: 960px) 100vw, 960px\" \/><\/figure>\n\n\n\n<p><strong>Was Sie unbedingt wissen sollten<\/strong><\/p>\n\n\n\n<p>An der KGS Niederrad arbeiten wir nach Ihnen wom\u00f6glich bislang wenig bekannten Prinzipien:<br><br><strong>Beratung und Reflexion<\/strong>: Durch regelm\u00e4\u00dfig stattfindende Beratungsgespr\u00e4che zwischen den Fachtutorinnen und -tutoren bzw. Klassentutorinnen und -tutoren und Ihrem Kind erh\u00e4lt es zunehmend Einblicke in und \u00dcbersicht \u00fcber das eigene Lernverhalten. Ziel ist es, die Heranwachsenden dazu zu bef\u00e4higen, f\u00fcr den eigenen Lernfortschritt Verantwortung zu \u00fcbernehmen und eigene tragf\u00e4hige Entscheidungen zu treffen.<br><br><strong>Selbstbestimmtheit und Selbstorganisation<\/strong>: Ihre Kinder d\u00fcrfen in gewissem Rahmen selbst bestimmen, wie und wo sie was zu welchem Zeitpunkt und mit wem lernen. Sie sind in hohem Ma\u00dfe gefordert, sich selbst zu organisieren und ihre eigene Teamf\u00e4higkeit zu entwickeln.<br><br><strong>Wahlm\u00f6glichkeiten und Freiraum<\/strong>: Beispiele f\u00fcr Wahlm\u00f6glichkeiten im Unterricht an der KGS Niederrad sind die Wahl des eigenen Themas im Projektunterricht der Unter- und Mittelstufe sowie die Wahl des Lernformats in der Oberstufe. Freir\u00e4ume k\u00f6nnen sich Ihre Kinder durch positives Lernverhalten erarbeiten.<br><br><\/p>\n\n\n\n<p>An der KGS Niederrad gibt es <strong>keine Noten, sondern Verbalbeurteilungen<\/strong>. Wir sind der \u00dcberzeugung, dass Worte mehr zum Ausdruck bringen als die Ziffern 1-6. Worte k\u00f6nnen st\u00e4rker ermutigen als die Ziffern 1-6. Eine 4 bedeutet eben bei dem einen: \u201cDu hast dich unheimlich verbessert.\u201d Bei dem anderen hingegen hei\u00dft es: \u201cDu hast dich auf die faule Haut gelegt.\u201d Dennoch lassen sich in Verbalbeurteilungen im letzteren Fall neben der impliziten Botschaft \u201cDas war nix!\u201d dar\u00fcber hinaus erworbene Kompetenzen formulieren, was wiederum ermutigt.<br><br><\/p>\n\n\n\n<p>An der KGS Niederrad z\u00e4hlt <strong>jedes Kind und seine individuelle Entwicklung<\/strong>. Unsere Unterrichtsformen in der Unter- und Mittelstufe (die Lernb\u00fcros, der Projekt- und Werkstattunterricht) geben uns sehr h\u00e4ufig die M\u00f6glichkeit, Ihre Kinder als Individuen in den Blick zu nehmen. Wir bewegen uns im Alltag h\u00e4ufig in Kleingruppen. Den klassischen vom Lehrer organisierten Unterricht, in dem alle zur selben Zeit das gleiche machen, gibt es bei uns nicht. Im Lernb\u00fcro arbeiten Ihre Kinder beispielsweise in ihrem eigenen Tempo an Lerninhalten. Ein in Deutsch sehr langsamer Lerner dreht seine Schleifen um ein Thema, w\u00e4hrend ein anderes Kind gleichzeitig bereits den dritten Lernbaustein im Fach Deutsch beendet. In einem anderen Beispiel muss ein Kind, das englischsprachig aufw\u00e4chst, nicht an denselben Lerninhalten wie seine Mitsch\u00fclerinnen und Mitsch\u00fcler arbeiten. Es kann in so einem Fall vorkommen, dass wir die M\u00f6glichkeit schaffen, Ihr Kind am Englischunterricht einer h\u00f6heren Jahrgangsstufe teilnehmen zu lassen.<br><br><\/p>\n\n\n\n<p><strong>Wir sind eine Schule im Aufbau<\/strong>. Im Schuljahr 2024 starten wir mit unserem zweiten Jahrgang in die Oberstufe. Wir wachsen nun im kommenden Schuljahr zum siebten Mal um ca. 120 Sch\u00fclerinnen und Sch\u00fcler sowie ca. 10 Kolleginnen und Kollegen. Kommunikationswege werden gefunden, Strukturen stabilisieren sich. Nichtsdestotrotz ist bei uns viel in Bewegung und st\u00e4ndig im Wandel. Wo gehobelt wird, fallen Sp\u00e4ne. Wir sind noch nicht fertig und nicht mit allem zufrieden. Gleichsam befinden wir uns in einem positiven Ver\u00e4nderungsprozess, in dem in erster Linie vertrauensvolle Beziehungen sowie erste messbare Erfolge das Vertrauen in den Prozess st\u00e4rken.<br><br>Wie sich das im Stundenplan vorstellen l\u00e4sst, zeigt nachfolgende Animation, die aus unserem ersten Jahr stammt, von den Zeiten und Lerngelegenheiten nicht mehr ganz aktuell ist, das Prinzip aber immer noch gut verdeutlicht:<\/p>\n\n\n\n<figure class=\"wp-block-video\"><video controls src=\"http:\/\/kgs-niederrad.de\/wp-content\/uploads\/2022\/11\/Stundenplananimation-1.mp4\"><\/video><figcaption>L\u00e4nge: ca. 1 Min., Dateigr\u00f6\u00dfe: ca. 10MB)<\/figcaption><\/figure>\n\n\n\n<p><\/p>\n","protected":false},"excerpt":{"rendered":"<p>\u00dcbergang auf unsere Schule Liebe Eltern, Sie k\u00f6nnen Ihre Fragen jederzeit \u00fcber die E-Mailadresse uebergang4-5@kgs-niederrad.de an uns richten und Hospitationstermine anfragen. Dar\u00fcber hinaus sind folgende Termine vorgesehen: Erster Elterninfoabend \u00dcbergang 4\/5 Konzeptvorstellung: 19.11.25 um 18Uhr in der Mensa, Mainfeldstra\u00dfe 45 [&hellip;]<\/p>\n","protected":false},"author":4,"featured_media":4243,"parent":0,"menu_order":0,"comment_status":"closed","ping_status":"closed","template":"","meta":[],"_links":{"self":[{"href":"https:\/\/kgs-niederrad.de\/index.php\/wp-json\/wp\/v2\/pages\/3804"}],"collection":[{"href":"https:\/\/kgs-niederrad.de\/index.php\/wp-json\/wp\/v2\/pages"}],"about":[{"href":"https:\/\/kgs-niederrad.de\/index.php\/wp-json\/wp\/v2\/types\/page"}],"author":[{"embeddable":true,"href":"https:\/\/kgs-niederrad.de\/index.php\/wp-json\/wp\/v2\/users\/4"}],"replies":[{"embeddable":true,"href":"https:\/\/kgs-niederrad.de\/index.php\/wp-json\/wp\/v2\/comments?post=3804"}],"version-history":[{"count":67,"href":"https:\/\/kgs-niederrad.de\/index.php\/wp-json\/wp\/v2\/pages\/3804\/revisions"}],"predecessor-version":[{"id":5935,"href":"https:\/\/kgs-niederrad.de\/index.php\/wp-json\/wp\/v2\/pages\/3804\/revisions\/5935"}],"wp:featuredmedia":[{"embeddable":true,"href":"https:\/\/kgs-niederrad.de\/index.php\/wp-json\/wp\/v2\/media\/4243"}],"wp:attachment":[{"href":"https:\/\/kgs-niederrad.de\/index.php\/wp-json\/wp\/v2\/media?parent=3804"}],"curies":[{"name":"wp","href":"https:\/\/api.w.org\/{rel}","templated":true}]}}